{"id":6325093,"date":"2020-08-01T22:20:23","date_gmt":"2020-08-01T22:20:23","guid":{"rendered":"https:\/\/agmais.pt\/?post_type=product&#038;p=6325093"},"modified":"2020-09-07T22:18:25","modified_gmt":"2020-09-07T22:18:25","slug":"pack-a-comunicacao-interna","status":"publish","type":"product","link":"https:\/\/agmais.pt\/en\/produto\/pack-a-comunicacao-interna\/","title":{"rendered":"PACK A &#8211; Comunica\u00e7\u00e3o interna"},"content":{"rendered":"","protected":false},"excerpt":{"rendered":"<p class=\"subtitle\">Elabora\u00e7\u00e3o de planos de comunica\u00e7\u00e3o interna<\/p>\n<p><\/br><\/p>\n","protected":false},"featured_media":6325215,"comment_status":"open","ping_status":"closed","template":"","meta":{"_acf_changed":false},"product_brand":[],"product_cat":[181,182],"product_tag":[],"class_list":{"0":"post-6325093","1":"product","2":"type-product","3":"status-publish","4":"has-post-thumbnail","6":"product_cat-comunicacao","7":"product_cat-comunicacao-interna","9":"first","10":"instock","11":"virtual","12":"taxable","13":"purchasable","14":"product-type-simple"},"acf":[],"jetpack_sharing_enabled":true,"_links":{"self":[{"href":"https:\/\/agmais.pt\/en\/wp-json\/wp\/v2\/product\/6325093","targetHints":{"allow":["GET"]}}],"collection":[{"href":"https:\/\/agmais.pt\/en\/wp-json\/wp\/v2\/product"}],"about":[{"href":"https:\/\/agmais.pt\/en\/wp-json\/wp\/v2\/types\/product"}],"replies":[{"embeddable":true,"href":"https:\/\/agmais.pt\/en\/wp-json\/wp\/v2\/comments?post=6325093"}],"wp:featuredmedia":[{"embeddable":true,"href":"https:\/\/agmais.pt\/en\/wp-json\/wp\/v2\/media\/6325215"}],"wp:attachment":[{"href":"https:\/\/agmais.pt\/en\/wp-json\/wp\/v2\/media?parent=6325093"}],"wp:term":[{"taxonomy":"product_brand","embeddable":true,"href":"https:\/\/agmais.pt\/en\/wp-json\/wp\/v2\/product_brand?post=6325093"},{"taxonomy":"product_cat","embeddable":true,"href":"https:\/\/agmais.pt\/en\/wp-json\/wp\/v2\/product_cat?post=6325093"},{"taxonomy":"product_tag","embeddable":true,"href":"https:\/\/agmais.pt\/en\/wp-json\/wp\/v2\/product_tag?post=6325093"}],"curies":[{"name":"wp","href":"https:\/\/api.w.org\/{rel}","templated":true}]}}

PACK A &#8211; Comunicação interna

<p class="subtitle">Elaboração de planos de comunicação interna</p>
<p></br></p>
