{"id":6325139,"date":"2020-08-06T21:42:34","date_gmt":"2020-08-06T21:42:34","guid":{"rendered":"https:\/\/agmais.pt\/?post_type=product&#038;p=6325139"},"modified":"2022-04-04T09:18:26","modified_gmt":"2022-04-04T09:18:26","slug":"pack-c-gestao-redes-sociais-profissionais","status":"publish","type":"product","link":"https:\/\/agmais.pt\/fr\/produit\/pack-c-gestao-redes-sociais-profissionais\/","title":{"rendered":"Pack C &#8211; Gest\u00e3o de redes sociais e profissionais"},"content":{"rendered":"","protected":false},"excerpt":{"rendered":"<p class=\"subtitle\">Estrat\u00e9gia de comunica\u00e7\u00e3o aplicada \u00e0s redes sociais, com desenvolvimento e publica\u00e7\u00e3o de conte\u00fados di\u00e1rios, mensais ou anuais (valor mensal vari\u00e1vel consoante periodicidade e complexidade de conte\u00fados &#8211; fideliza\u00e7\u00e3o de 12 meses)<\/p>\n<p><\/br><\/p>\n","protected":false},"featured_media":6325156,"comment_status":"open","ping_status":"closed","template":"","meta":{"_acf_changed":false},"product_brand":[],"product_cat":[184,69],"product_tag":[],"class_list":{"0":"post-6325139","1":"product","2":"type-product","3":"status-publish","4":"has-post-thumbnail","6":"product_cat-redes-sociais","7":"product_cat-web","9":"first","10":"instock","11":"virtual","12":"taxable","13":"purchasable","14":"product-type-simple"},"acf":[],"jetpack_sharing_enabled":true,"_links":{"self":[{"href":"https:\/\/agmais.pt\/fr\/wp-json\/wp\/v2\/product\/6325139","targetHints":{"allow":["GET"]}}],"collection":[{"href":"https:\/\/agmais.pt\/fr\/wp-json\/wp\/v2\/product"}],"about":[{"href":"https:\/\/agmais.pt\/fr\/wp-json\/wp\/v2\/types\/product"}],"replies":[{"embeddable":true,"href":"https:\/\/agmais.pt\/fr\/wp-json\/wp\/v2\/comments?post=6325139"}],"wp:featuredmedia":[{"embeddable":true,"href":"https:\/\/agmais.pt\/fr\/wp-json\/wp\/v2\/media\/6325156"}],"wp:attachment":[{"href":"https:\/\/agmais.pt\/fr\/wp-json\/wp\/v2\/media?parent=6325139"}],"wp:term":[{"taxonomy":"product_brand","embeddable":true,"href":"https:\/\/agmais.pt\/fr\/wp-json\/wp\/v2\/product_brand?post=6325139"},{"taxonomy":"product_cat","embeddable":true,"href":"https:\/\/agmais.pt\/fr\/wp-json\/wp\/v2\/product_cat?post=6325139"},{"taxonomy":"product_tag","embeddable":true,"href":"https:\/\/agmais.pt\/fr\/wp-json\/wp\/v2\/product_tag?post=6325139"}],"curies":[{"name":"wp","href":"https:\/\/api.w.org\/{rel}","templated":true}]}}

Pack C &#8211; Gestão de redes sociais e profissionais

<p class="subtitle">Estratégia de comunicação aplicada às redes sociais, com desenvolvimento e publicação de conteúdos diários, mensais ou anuais (valor mensal variável consoante periodicidade e complexidade de conteúdos &#8211; fidelização de 12 meses)</p>
<p></br></p>
